z = -51 - -54. Calculate p(z).
11
Let u(m) = -5*m - 5. Let o(c) = 6*c + 6. Let y(f) = -4*o(f) - 5*u(f). Calculate y(-3).
-2
Suppose -5*a - 3*n = 9, -3*a = -a + 5*n + 15. Let b = a + -1. Let f(w) = -1. Let y(m) = m - 3. Let v(k) = -3*f(k) + y(k). What is v(b)?
-1
Let y = 12 - 4. Let r(u) = -y*u**3 + 6*u**3 + u**3 - 5. Calculate r(0).
-5
Suppose -21 = -3*n + 3*y, 0 = y + 1 + 4. Suppose 3*s - 4 = n. Suppose -x = -s*x. Let a(m) = -m + 6. What is a(x)?
6
Suppose -4*t = -3*t. Let g(q) = -q**2 + q + 6. Determine g(t).
6
Let i(f) be the first derivative of f**6/360 - f**5/24 - 5*f**3/3 - 5. Let b(g) be the third derivative of i(g). Give b(6).
6
Let h(l) be the third derivative of -l**4/24 + l**3/6 - 10*l**2. Give h(-4).
5
Let y = 12 - 7. Let z(u) = u**3 - 4*u**2 - 6*u + 7. Calculate z(y).
2
Let f = -121 - -126. Let j(d) = d**3 - 5*d**2 + d - 7. What is j(f)?
-2
Let p be ((-87)/12 + 2)*-8. Suppose -4*b = b - 3*w - p, -5*b = -2*w - 38. Let u(g) = g - 5. Calculate u(b).
1
Let x(k) be the second derivative of 1/2*k**3 + 0 - k + 2*k**2. Let l be ((-4)/(-8)*-2)/(1/3). What is x(l)?
-5
Let x(z) = z**3 + 2*z**2 - 5*z - 3. Suppose 2*n = n - 8. Let d = 5 + n. What is x(d)?
3
Let h(n) = n**3 + 2*n**2 - 2*n - 1. Let y(j) = j**3 + 3*j**2 - 2*j - 2. Suppose r - 1 = -0. Suppose -3*o - r = -13. Let l(d) = o*y(d) - 5*h(d). Determine l(3).
-6
Let i(k) = 2*k**3 + 5*k**2 - 5*k - 6. Let s(x) = 0*x**2 - x**3 + 11 - 3*x**3 + 9*x - 3*x**2 - 6*x**2. Let q(c) = -5*i(c) - 3*s(c). Give q(-2).
-7
Let f(i) = -3*i**2 + 4*i - 2. Let w(y) = 8*y**2 - 12*y + 7. Let z(o) = -11*f(o) - 4*w(o). Calculate z(-6).
6
Let l(q) = q + 2 - 5*q + 3*q. Let i(x) = -x**2 + 10*x + 29. Let o be i(12). What is l(o)?
-3
Let m(s) = s + 1. Let c(l) = -2*l - 4. Let r(d) = 3*c(d) + 7*m(d). What is r(7)?
2
Let t = 24 + -26. Let q(m) = -2*m - 3. Give q(t).
1
Let c(b) = b - 6. Suppose 0 = 4*i + p - 16 - 42, -2*i = -2*p - 24. Suppose -i = -g - g. What is c(g)?
1
Let h be ((-2)/(-5))/(15/75). Let x(k) = -2*k**3 - k**h + 3*k**3 + 4*k + k - 5*k**2 - 2. Calculate x(5).
-2
Let d = 1 + 0. Let h(a) = -13*a**2 + 4*a**2 + 1 + 7*a**2. Determine h(d).
-1
Let y(a) = -6 - 3 - 1 - 4*a + 11. What is y(-2)?
9
Suppose -3*j = j - 4. Let q(f) = -2*f - 3 + 1 + j - f**2. What is q(-3)?
-4
Let f(p) be the third derivative of p**6/120 - 3*p**5/20 - 11*p**4/24 - p**3 + 20*p**2. Determine f(10).
-16
Let s(i) be the second derivative of -i**2 + 7/6*i**3 + 0 + 2*i + 1/20*i**5 - 7/12*i**4. Give s(6).
4
Let f(d) be the second derivative of -1/2*d**4 - 3*d + 1/2*d**2 + 1/20*d**5 + d**3 + 0. Calculate f(5).
6
Let t(c) = -c**2 - c. Let b(g) = 2*g**2 + 2*g. Let x(d) = b(d) + t(d). Let v = -8 - -11. Let l = -4 + v. Determine x(l).
0
Let f(i) = -i**2 + 5*i + 7. Let u(y) = 3*y + 7. Let w be u(0). Determine f(w).
-7
Suppose 0 = 2*h + h - 6. Let j(k) = -1 - k**h - 4*k + k + 3*k + k. Give j(3).
-7
Let g = -19 - -23. Let h(u) be the third derivative of -1/2*u**3 + 1/24*u**g + 3*u**2 + 0*u + 1/60*u**5 + 0. Give h(3).
9
Let k(v) be the second derivative of -3*v**4/4 - v**2 + 2*v. Let f(x) = -8*x**2 - 1. Let o(w) = -3*f(w) + 2*k(w). Give o(-1).
5
Let l = -4 - -8. Let s(u) = u + 10 + 2 - l. Determine s(-4).
4
Let n(g) be the third derivative of g**5/60 - g**4/12 - g**3/6 + 7*g**2. Determine n(3).
2
Let q(a) = 2*a - 1. Let f(p) = 7 - 1 - 3 - 6 + 4*p. Suppose 0*j = -j + 11. Let k(v) = j*q(v) - 6*f(v). What is k(5)?
-3
Let u(t) be the second derivative of t**4/12 + 5*t**3/6 + 3*t**2/2 - 7*t. Give u(-5).
3
Let v(h) be the second derivative of -h**4/12 + 5*h**3/6 + 2*h**2 - 3*h. Give v(4).
8
Let s(g) be the second derivative of -g**5/20 + 5*g**4/12 + 4*g**3/3 - 7*g**2/2 - 7*g. What is s(6)?
5
Let q(v) be the second derivative of v**3/6 + 6*v**2 + 25*v. Give q(-11).
1
Let i = -33 - -29. Let t(b) = 6*b**3 - 11*b**2 - 5. Let w(j) = -5*j**3 + 10*j**2 + 4. Let q(n) = 6*t(n) + 7*w(n). Give q(i).
-2
Let i(h) = -8*h**2 + h - 5. Let z(c) = -9*c**2 + c - 6. Let x(d) = -6*i(d) + 5*z(d). Let v = 1 + -2. Calculate x(v).
4
Let f(w) = -w**2 + 7*w - 4. Let u be f(5). Suppose 0 = u*r - 2*r + 40. Let j be 2/4 + 15/r. Let b(t) = -3*t**2 + 2*t + 1. What is b(j)?
-4
Let b be ((1 - 1) + 0)/2. Let a(v) = -v**2 + b*v**2 + 3*v + 1 + 0*v + 5. Determine a(5).
-4
Let o be 2 + -6 + -2 + 0. Let f(z) be the second derivative of -z**4/12 - 2*z**3/3 + 4*z**2 - 39*z. Determine f(o).
-4
Let x(o) = -o + 1. Let j(g) = -3*g**2 + 3*g. Let i be j(2). Determine x(i).
7
Let r(s) be the first derivative of -6*s + 0*s**2 + 1/4*s**4 - 1/3*s**3 - 6. Suppose 0 = -2*l + l. Give r(l).
-6
Let y(i) = 55 - 58 + 4*i - 2*i. Calculate y(-8).
-19
Let k be (2/4)/(2/8). Let b(c) = k - 2*c**3 + c**2 + 4*c + 4*c**2 + 3*c**3. Let f(o) = 2*o + 5. Let j be f(-4). Give b(j).
8
Let i(v) be the first derivative of 3/2*v**2 + 1 - v. Give i(-1).
-4
Let p(f) = f**3 + 5*f**2 - 6*f + 4. Let b(q) = -q**2 - 3*q - 2. Let y be b(-4). Let a be p(y). Let v(m) = m**3 - 5*m**2 + 4*m + 3. Give v(a).
3
Suppose 4*b + 0*b - 49 = -5*h, -3*h + 27 = 2*b. Let f(t) = t**2 - 6*t + 3. Determine f(b).
3
Let d(n) = -n + 8. Suppose 0 = 5*u + 3*x + x + 27, -x - 19 = 3*u. Determine d(u).
15
Let o(b) = -b**3 + 5*b**2 - 6*b + 3. Suppose -u - 1 = 1. Let y = u + 4. Let i be (4 - -1) + y + -3. Determine o(i).
-5
Let b(h) = h + 11. Let g be b(8). Suppose -4*k - k = 2*n - g, 5*n - 5*k = -40. Let r(l) be the second derivative of l**4/12 + l**3/3 - 2*l. What is r(n)?
3
Let u(w) = -w**3 + 6*w**2 - 4*w + 1. Let d be u(5). Let r(o) = 2*o**2 + 12*o + 6. Let f(y) = 5*y**2 + 34*y + 16. Let a(x) = 3*f(x) - 8*r(x). Give a(d).
0
Let t(l) = -2*l + 4. Let i be (-4)/6*4*-3. Suppose -g + i = g. Calculate t(g).
-4
Let c(p) = -p - 1. Let i(m) = m**3 - 22*m**2 - 5. Let a be i(22). Calculate c(a).
4
Let v(o) = o**2 + o + 1. Let m be 1 - 0*(-1)/(-4). Let d = m - 1. Determine v(d).
1
Let h(o) = o**3 + 3*o**2 - 4. Let m(x) = x**2 - 1. Let p(u) = -h(u) + 5*m(u). What is p(2)?
-1
Let q(k) = 3*k**2 + 5. Let l(b) = 2*b**2 + 3. Let x(v) = 5*l(v) - 3*q(v). Determine x(1).
1
Let w be 0 - 0/(-3*1). Let r = w + -2. Let k(f) = 4*f + 2. Determine k(r).
-6
Let z(g) = 6*g**2 - 2*g + 2. Let s(k) = 5*k**2 - k + 2. Let b(y) = -4*s(y) + 3*z(y). Calculate b(-2).
-6
Let t(a) be the first derivative of -2 + 0*a - a**4 + 0*a**3 - 1/2*a**2. Determine t(1).
-5
Let b(s) = 11*s**3 - 11*s**2 - 24. Let c(v) = 5*v**3 - 6*v**2 - 12. Let n(r) = -4*b(r) + 9*c(r). Give n(10).
-12
Let h(y) = y**2 - 5*y + 3. Let j(a) = -2*a. Suppose -6*v - 10 = -v. Let t be j(v). What is h(t)?
-1
Let c(l) = -4*l**3 - 21*l**2 + 6*l - 16. Let u(q) = q**3 + 7*q**2 - 2*q + 5. Let h(m) = 2*c(m) + 7*u(m). Give h(7).
-11
Let v(i) = i**2 - 6*i + 2. Let k = -3 + 3. Suppose k = -4*y - 2*g + 4, y = 2*y + 2*g + 5. Calculate v(y).
-7
Let h(k) = -k**3 + 6*k**2 - k + 5. Suppose 9 = -z - 5*g, 0*z + z - 5*g - 21 = 0. Calculate h(z).
-1
Let h(f) = -5*f**2 - 9*f + 8. Let o(k) = 6*k**2 + 10*k - 9. Suppose 3*c + 21 = 6*c. Let i(p) = c*h(p) + 6*o(p). Give i(4).
6
Let b(o) = -9*o - 6*o**2 + o**3 - 6 + 0*o**3 + 11*o. What is b(6)?
6
Let i be 1 + 3/(-6)*2. Let u(l) = 5*l + 5*l + 5*l + 10 - 16*l. Determine u(i).
10
Let c be (-2)/6 + 5/(-3). Let q(b) = b - 3 - b + 4 - b**2 - b. Calculate q(c).
-1
Let h(p) be the third derivative of -p**6/120 + p**5/12 + p**3/6 - 7*p**2. Let z = -11 - -16. What is h(z)?
1
Let a(f) = -f - 8. Let u(p) = -11*p**2 + 1. Let y be u(-1). Let h be a(y). Let d(z) = -z**3 + 3*z**2 - 2*z. Calculate d(h).
0
Suppose -l - 2 = -i + l, -5*i + 28 = -l. Suppose -i = -c + 5*s + 8, s - 2 = 0. Suppose 5*g + 4*v - 15 = -0*g, -4*v = -4*g - c. Let k(z) = -4*z**3. What is k(g)?
4
Let w(u) = -6*u**2 + u. Let j be -9*((-12)/9 + 2). Let g(n) = -4*n - 4*n**2 + 9*n**2 + 3*n. Let f(x) = j*w(x) - 7*g(x). What is f(-3)?
6
Let t(c) = 6*c**2. Let a be t(1). Let n(s) be the first derivative of s**3/3 - 5*s**2/2 - 5*s + 1. Calculate n(a).
1
Let d(f) = -f**3 - 6*f**2 + 7*f - 6. Let s(p) = p**3 - p**2 + p. Let x(b) = d(b) + 2*s(b). Give x(7).
8
Let j(z) = z - 7. Let p be (234/(-42) - -5)*-7. Calculate j(p).
-3
Suppose 0 = -o - 5*v, -o + 5*v + 10 = -3*o. Let g = o + 13. Let y(l) = -2 + 0*l + 0*l + 5*l. What is y(g)?
13
Let d(m) = -m**3 + 5*m**2 - 2*m + 6. Let c = -29 + 34. Give d(c).
-4
Let a be 3 - -2 - (-1 - -4). Let z(t) = a*t - 2*t + 0 + 2*t + 2. Give z(3).